re the prime factors of q?
61
Let g(o) be the second derivative of o**3/2 - 5*o**2/2 - 6*o. Let u be g(2). Let n(a) = 55*a**3 + a. What are the prime factors of n(u)?
2, 7
Let n be (-350)/(-110) + 4/(-22). Let a be (-10)/(-4 - 1) + n. What are the prime factors of (14/8)/(a/20)?
7
Let p = 0 + -14. Let s = p + 15. List the prime factors of (15 - 11) + s*40.
2, 11
What are the prime factors of 815 - -1 - (16 + -13)?
3, 271
Let o(i) be the second derivative of -3*i + 0 - 7/2*i**2 - 5/6*i**3. What are the prime factors of o(-6)?
23
Suppose 19*l - 7293 = 6*l. What are the prime factors of l?
3, 11, 17
Let g be 3 + (-595)/(-2) + (-2)/4. What are the prime factors of 79840/g - (-2)/(-15)?
2, 7, 19
Let z(a) = -33*a + 2. Let r be z(3). Let i = -17 - r. List the prime factors of i.
2, 5
Let q = -7 + -13. What are the prime factors of (-90)/25*q/3?
2, 3
Let v(z) be the third derivative of 7*z**6/720 - 11*z**5/60 + z**4/2 + 11*z**2. Let m(r) be the second derivative of v(r). What are the prime factors of m(8)?
2, 17
Let v = -304 + 424. List the prime factors of v.
2, 3, 5
Suppose -3 = 3*m - 0*m. Let j(d) = -5*d**3 - d. Let c be j(m). What are the prime factors of c/9 + (-74)/(-6)?
13
Let o = -57 + 43. What are the prime factors of (o/42)/(2/(-552))?
2, 23
Let j(x) be the first derivative of -x**3/3 - 9*x**2/2 - 3. Let r be j(-9). Suppose -g + r = -6. What are the prime factors of g?
2, 3
List the prime factors of (-35120)/(-90) - 4/18.
2, 3, 5, 13
Suppose 12*i - 58398 = -17298. What are the prime factors of i?
5, 137
Suppose 5*z - 2*m - 4 = 0, -4*z + 6 + 4 = -5*m. Suppose z = -7*n - 0*n + 525. List the prime factors of n.
3, 5
Let l(p) = -p**2 - 656*p**3 - 3 + 3*p + 954*p**3 + 0*p. What are the prime factors of l(1)?
3, 11
Let g = 240 + -166. Let y = 122 - g. What are the prime factors of y?
2, 3
Let w be -3*(4 - 132/9). Let d = w + 19. List the prime factors of d.
3, 17
Let k(q) = q**2 - 30*q - 79. Let n be k(32). List the prime factors of (-655)/n*6 + -5.
257
Let n = 1009 + 1854. What are the prime factors of n?
7, 409
Suppose -4*p = -4*d + 36, 2*d - 3*d = -3*p - 17. Suppose -d*c + 217 = -a, -82 = -2*c + a + a. Suppose 0 = f - 5*f + c. List the prime factors of f.
11
Let s = 611 + -423. Suppose -5*r + s = -82. Let f = -28 + r. What are the prime factors of f?
2, 13
Let h(g) be the third derivative of -g**6/120 - 7*g**5/60 + 11*g**4/24 - 17*g**3/6 - 14*g**2. List the prime factors of h(-9).
2, 23
Suppose -5*u + 9 = 49. Let r be 11/2 - (-4)/u. Suppose -4*f = -y - 2*f + 22, -2*y = r*f - 17. List the prime factors of y.
2
Suppose -2*l + 5*r = -22, 0*l + 4*l + 4*r = 16. Let a = l - 5. What are the prime factors of (-6)/(a + (-19)/16)?
2
Let t = 59 + 41. What are the prime factors of t?
2, 5
Let y(g) be the third derivative of 23/120*g**6 + 0 - 4*g**2 - 1/60*g**5 + 0*g - 1/24*g**4 + 1/6*g**3. What are the prime factors of y(1)?
2, 11
Let u(b) = 201*b - 48. What are the prime factors of u(2)?
2, 3, 59
Suppose g = 5*g - 16. Let l be ((-2)/g)/(2/(-12)). Suppose -l*i + 9*i = 336. List the prime factors of i.
2, 7
Let j(k) = 15*k**2 + 12*k - 37. What are the prime factors of j(4)?
251
Suppose 2*k = -3*g + 176 + 40, g + 3*k = 65. Let c = g + -47. List the prime factors of c.
3
Suppose -56*m = -55*m - 1034. List the prime factors of m.
2, 11, 47
Suppose 4*m - 1349 - 3592 = -5*g, 2*g - 5*m = 1950. What are the prime factors of g?
5, 197
Let f be 146/(-10) - (-2)/(-5). What are the prime factors of 15/25 + (1 - 1881/f)?
127
Suppose 0 = 94*g - 114*g + 23280. List the prime factors of g.
2, 3, 97
Let i(t) = t**3 - 30*t**2 - 150*t + 2. What are the prime factors of i(35)?
877
Suppose -5*i + d + 2*d = -34, 2*i - 7 = -d. Suppose i*y = -0 + 60. Suppose -4*z + 0*z - y = u, 2*z = 4*u - 24. What are the prime factors of u?
2
Suppose 3*t - 9 = -4*w, -4*t = 5*w - 3*t - 14. Suppose 0 = -z - w*j + 152, -j - 325 = -2*z - 0*z. List the prime factors of z.
7, 23
Let u(i) = 7*i + 13. Let m be u(-3). Let v(t) = -t**2 - 13*t - 16. What are the prime factors of v(m)?
2, 3
Let g(t) = 15*t**2 + 18*t - 38. What are the prime factors of g(5)?
7, 61
Let j(h) = -h**2 - 15*h - 21. Let m be j(-6). Suppose -3*z + 102 = m. What are the prime factors of z?
23
Let v(q) = q**3 + 4*q**2 + 2*q. Let g be v(-3). Suppose g*c = -z + 6, 4*z - 58 = 9*c - 4*c. Suppose -6*l + 366 = -z. What are the prime factors of l?
3, 7
Let m be -5*2/15*-3 - 12. Let b(p) = -p**2 - 17*p + 31. What are the prime factors of b(m)?
101
Let u(i) = 374*i - 81. List the prime factors of u(4).
5, 283
Suppose 3*g - 5*b = 4168, -5*g + 6*b - 11*b = -6920. List the prime factors of g.
2, 3, 7, 11
Let l(h) = 464*h + 241. What are the prime factors of l(5)?
13, 197
List the prime factors of (1 + (-17 - 2))/(18/(-945)).
3, 5, 7
Let z be -1*(2 - (5 + -2)). Let s be ((-25)/3 - z)*-3. Suppose 4*c - s - 8 = 0. What are the prime factors of c?
3
Suppose 0 = -21*i + 12*i + 8316. List the prime factors of i.
2, 3, 7, 11
Let p(g) = -11*g + 13. Let l(i) = i - 1. Let w(o) = -40*l(o) - 5*p(o). What are the prime factors of w(13)?
2, 5, 17
Suppose 1298 = 2*y - 2*h, y + h + 277 = 926. What are the prime factors of y?
11, 59
Suppose -5*d - 2897 = -4*f + 300, 4*f - 4*d - 3196 = 0. What are the prime factors of f?
2, 3, 7, 19
Suppose -5*i = -185 - 510. Let j = -42 + i. List the prime factors of j.
97
Let n be -2 + -8 - (-1 - -1). Let r(g) = 28*g - 109. Let k(h) = -5*h + 22. Let w(b) = 11*k(b) + 2*r(b). List the prime factors of w(n).
2, 7
Let o(p) = p**3 + 11*p**2 - 2*p - 19. Let j be o(-11). Suppose 0*c + 6 = -3*c + 4*l, 3*l = -j*c + 15. List the prime factors of c.
2
Let s(d) = -25*d - 12. Let g(z) = 12*z + 6. Let f(b) = -7*g(b) - 4*s(b). List the prime factors of f(2).
2, 19
Suppose l + 0*l = 0. Suppose -2*s + 28 = -2*z, -5*z - 64 = -l*z - 2*s. List the prime factors of 5/(2 + z/8).
2, 5
Let q(t) = t**3 + 7*t**2 - 4*t - 31. What are the prime factors of q(5)?
3, 83
Let a = -67 + 84. Suppose a = -7*l + 367. List the prime factors of l.
2, 5
Let r(h) = -h**3 + 7*h**2 + 9*h - 6. Let z be r(8). Suppose -2*q - 26 = z*w - 0*q, q = -5*w - 81. Let a = w + 35. What are the prime factors of a?
2, 3
Let c(w) = -w**3 - 5*w**2 + 3*w - 30. Let q be c(-7). Let k = q - 45. What are the prime factors of k?
2
Let q(s) = 2*s**2 - 8*s - 14. Let v be q(7). Let x = v - 5. List the prime factors of x.
23
What are the prime factors of 12/(-6) - -4*89?
2, 3, 59
Suppose 557 = 6*q - 25. What are the prime factors of q?
97
Let z = 110 + -53. Let a = z - 109. Let y = a - -83. List the prime factors of y.
31
Suppose -v = 5*w - 46, 3*w - 118 = -3*v + 20. Let c = 25 - v. Let f = c + 37. What are the prime factors of f?
2
Let r(s) = -s - 1. Let w be r(-4). Suppose -5*k - w*z = -4*z - 74, -5*k - z + 76 = 0. Let p = 19 - k. List the prime factors of p.
2
Suppose 6*u + 5545 = 10*u + 5*g, -2*g = 5*u - 6927. What are the prime factors of u?
5, 277
What are the prime factors of (-231)/385*(-16970)/6?
1697
Suppose -1030 = -m - m. Suppose 2*z = 7*z - m. List the prime factors of z.
103
Let l(d) = d**2 + 10*d - 5. Let g(r) = r**3 + 7*r**2 + 4*r + 17. Let b be g(-7). What are the prime factors of l(b)?
2, 3
Let y(d) = -99*d**3 + 2*d**2 + 2*d + 1. Let u be y(-1). Suppose 4*s + 2*z - 86 = 0, 0 = 2*s + 3*s + z - u. What are the prime factors of s?
19
Suppose 0 = -3*v - 2*q + 82, 3*v - 5*q = 19 + 70. List the prime factors of (-13 + 19)*v/6.
2, 7
List the prime factors of (0 + -433)*(31 - 32).
433
Let v = -463 + 1408. What are the prime factors of v?
3, 5, 7
Suppose -3*y + 12 = 5*g - 6*y, -2*g - 16 = 4*y. Suppose 2*l - 52 = -3*b, 2*l - 48 = -g*l - 2*b. List the prime factors of l.
2, 5
Suppose -178 = -m + 48. Suppose f + m = 4*f + 2*r, 2*r + 164 = 2*f. What are the prime factors of f?
2, 3, 13
Suppose -5*o + 5*g + 85 = 0, 5*g + 5 = o - 12. List the prime factors of o.
17
Let t(b) = -33*b + 55. List the prime factors of t(-52).
7, 11, 23
Let v = -33 + 23. Suppose -150 = -8*z - 22. What are the prime factors of (z/v)/(5/(-75))?
2, 3
Suppose -2*r = -602 - 814. What are the prime factors of r?
2, 3, 59
Let g be (0 - 2)/(2/(-2)). Suppose -2*p = 5*b - 65, 30 = b - 5*p + g*p. List the prime factors of b.
3, 5
List the prime factors of 64225/385 + 4/22.
167
List the prime factors of ((-1)/(-2))/(((-5)